111011
What is 12742287 (base 10) in base 15?
11ba75c
3204023 (base 5) to base 7
312244
-1402411 (base 7) to base 10
-185767
-33413414 (base 5) to base 3
-112222110201
-226541 (base 8) to base 10
-77153
What is -1024131 (base 5) in base 12?
-a0b4
What is -33846b (base 14) in base 5?
-422022201
1110373 (base 8) to base 6
10225243
What is 157826 (base 12) in base 13?
ca659
What is 6674785 (base 10) in base 8?
31354541
What is 2132014 (base 6) in base 15?
2137d
Convert 1486082 (base 10) to base 7.
15426413
Convert 10311112 (base 5) to base 2.
10101100011011010
What is b495dc (base 14) in base 2?
10111010000001011101110
Convert 2104052 (base 6) to base 13.
3755c
Convert -300323232 (base 4) to base 8.
-607356
Convert 17594 (base 12) to base 9.
51154
Convert 1100100202 (base 3) to base 11.
18a08
53a88 (base 15) to base 2
1000000110110011100
-9324d (base 15) to base 16
-71d61
155b06 (base 14) to base 6
23552414
Convert -130113301301 (base 4) to base 6.
-423224305
What is 67c5b0 (base 15) in base 8?
22710537
Convert 3187854 (base 9) to base 11.
a69aa5
Convert -1313333203 (base 4) to base 15.
-9a961
What is a0e1 (base 16) in base 3?
2002111101
-653070 (base 11) to base 16
-fec7d
Convert -400a69 (base 13) to base 6.
-51512005
Convert 22115122 (base 6) to base 16.
a1f5a
Convert 2a018 (base 13) to base 10.
79113
2200002000100 (base 3) to base 7
15025662
-1120210 (base 12) to base 10
-3276588
1fef9a (base 16) to base 13
583846
6318653 (base 9) to base 3
20100122201210
What is -301237 (base 8) in base 9?
-160682
Convert -27463 (base 14) to base 16.
-17a8f
What is -829050 (base 11) in base 12?
-541624
What is 111462 (base 10) in base 9?
178806
131322421 (base 5) to base 8
2370533
Convert -72d67 (base 14) to base 16.
-43a2f
What is -32350543 (base 8) in base 16?
-69d163
Convert -1c422 (base 13) to base 14.
-163b7
21110100102012 (base 3) to base 6
220535522
What is 1613647 (base 11) in base 4?
22201022132
1505a (base 15) to base 3
10102201011
-2560a (base 12) to base 10
-50986
What is 2110213322 (base 4) in base 11?
386410
Convert 12130123 (base 5) to base 8.
337355
2007866 (base 11) to base 4
31203203013
Convert c8d19 (base 16) to base 4.
3020310121
Convert 1112022012 (base 3) to base 4.
13112132
What is 3a285 (base 14) in base 13?
50242
Convert -24b0c (base 16) to base 2.
-100100101100001100
43436 (base 7) to base 8
25150
What is 101110101110000000 (base 2) in base 9?
321442
What is -21233212232 (base 4) in base 3?
-11210202211012
Convert 127432a (base 11) to base 9.
4125351
Convert -2003122331 (base 4) to base 2.
-10000011011010111101
What is -16300 (base 7) in base 2?
-1000111111110
What is 3c9b48 (base 14) in base 5?
1014221010
15d8 (base 16) to base 13
2712
-5034b0 (base 12) to base 10
-1250052
-12318 (base 16) to base 6
-1333000
What is -33446 (base 8) in base 5?
-422433
What is -201101020312 (base 4) in base 14?
-1230290
687da (base 15) to base 12
14052a
3161503 (base 7) to base 11
243084
Convert 233033221 (base 4) to base 11.
122431
811280 (base 9) to base 4
1311022230
-110100110110011001011 (base 2) to base 11
-a83132
Convert -1722a3 (base 13) to base 10.
-576085
213212 (base 7) to base 11
25a04
425555125 (base 6) to base 10
7558109
Convert -2125253 (base 6) to base 7.
-614505
1a594c (base 14) to base 16
e4e40
What is -1a87a3 (base 14) in base 13?
-271450
Convert -27660 (base 8) to base 3.
-121202011
Convert 161480 (base 12) to base 10.
375648
Convert -74a (base 13) to base 16.
-4dd
What is 106094 (base 16) in base 9?
2015255
What is 2010033302 (base 4) in base 12?
221582
-22c43 (base 15) to base 4
-123002223
What is -10111001001111 (base 2) in base 6?
-130515
What is -581177 (base 10) in base 15?
-b7302
-32310000310 (base 4) to base 3
-21022021120001
Convert -18887414 (base 9) to base 16.
-91f291
What is 5501226 (base 7) in base 6?
22230313
-6420526 (base 7) to base 11
-491735
Convert 1340134031 (base 5) to base 15.
480246
What is -10100212001 (base 3) in base 9?
-110761
What is 1133320102 (base 4) in base 2?
1011111111000010010
What is 304024002 (base 5) in base 3?
2022210122111
Convert -1122112101111 (base 3) to base 13.
-248c83
Convert 560101 (base 8) to base 9.
316483
22044204 (base 6) to base 7
5414116
Convert 33133204 (base 5) to base 12.
119a9b
Convert -150101 (base 6) to base 5.
-424133
-46430 (base 12) to base 16
-16ee4
Convert -115965 (base 14) to base 4.
-2100133011
-7697c7 (base 13) to base 8
-12514160
e03b (base 16) to base 15
1201d
Convert 24103 (base 14) to base 4.
111133013
What is -21122211012002 (base 3) in base 7?
-46413302
What is 3535808 (base 9) in base 15?
27bea2
What is 11100011101000110 (base 2) in base 16?
1c746
153a73 (base 11) to base 12
b6757
Convert 3261571 (base 9) to base 12.
706561
What is 100001001110101010 (base 2) in base 6?
2530042
-1002526 (base 7) to base 4
-130331020
Convert 101000001101011000000 (base 2) to base 8.
5015300
What is -7d99 (base 16) in base 4?
-13312121
What is -431a42 (base 11) in base 10?
-690714
-104311524 (base 6) to base 2
-111001101101111001100
34366556 (base 8) to base 3
112001022220111
What is -64673 (base 13) in base 10?
-181262
Convert -212110112020 (base 3) to base 12.
-1a3329
-7c280 (base 14) to base 15
-5e8b4
What is -32774361 (base 8) in base 16?
-6bf8f1
What is -1051104122 (base 6) in base 8?
-53774662
Convert 634466 (base 7) to base 15.
2275b
What is -3443031 (base 5) in base 9?
-104364
What is -b3b5b0 (base 14) in base 10?
-6062630
What is -1989359 (base 13) in base 11?
-482a040
What is 1012010001222012 (base 3) in base 5?
13332112342
What is 184646 (base 9) in base 2?
11100000100100101
Convert e24a1d (base 16) to base 7.
240024320
33030331 (base 4) to base 8
171475
Convert 1234342023 (base 5) to base 15.
401b28
3223330 (base 4) to base 6
153524
1011010000001111011 (base 2) to base 7
3064053
Convert 23021230201 (base 4) to base 7.
33563506
78319 (base 14) to base 6
10125231
67207 (base 9) to base 14
123a6
Convert 20b0036 (base 12) to base 10.
6200106
What is 34343 (base 13) in base 3?
11211100202
-c93816 (base 14) to base 2
-11001111110011101101100
What is 504344153 (base 6) in base 15?
b52519
Convert 13551 (base 8) to base 15.
1b98
What is 46376 (base 10) in base 7?
252131
What is -103221211 (base 4) in base 13?
-2a832
2ac8ca (base 13) to base 4
10001311032
Convert 10526534 (base 7) to base 3.
1201110202002
What is -652636 (base 7) in base 6?
-2235034
Convert 10000010001011101011 (base 2) to base 12.
2186b7
-1102461 (base 7) to base 16
-210d5
What is -1233405024 (base 6) in base 2?
-110111000111100100001000
What is -23480 (base 12) in base 4?
-23203200
-c46c (base 16) to base 15
-ed74
411040041 (base 6) to base 12
2440021
-4056502 (base 8) to base 16
-105d42
Convert -221211210012 (base 3) to base 2.
-1111100001100001101
What is -1211202111220 (base 3) in base 4?
-3233013132
-5a075d (base 14) to base 7
-35064146
Convert 3664080 (base 9) to base 3.
10202011002200
What is -107159 (base 10) in base 3?
-12102222212
21617216 (base 8) to base 6
243522050
1541979 (base 10) to base 3
2220100012100
11685297 (base 10) to base 4
230210312301
Convert -234d6 (base 14) to base 11.
-59705
Convert 114121110 (base 5) to base 6.
15252244
What is 313043340 (base 7) in base 10?
18481701
Convert -2100033310 (base 4) to base 2.
-10010000001111110100
Convert -50883 (base 13) to base 3.
-21022220010
249e1 (base 16) to base 6
3114213
What is 226126 (base 7) in base 3?
2001121121
Convert 327016 (base 8) to base 14.
2c19c
What is -5311a2 (base 11) in base 6?
-30122342
24202111 (base 6) to base 12
309337
Convert -18ed6 (base 16) to base 4.
-120323112
Convert 8b74 (base 16) to base 14.
d020
Convert -7ed6e (base 15) to base 12.
-176212
4208d0 (base 14) to base 13
600c71
-32200230021 (base 4) to base 11
-2168a33
Convert -6756430 (base 10) to base 11.
-38a522a
What is -5331734 (base 8) in base 4?
-11123033130
What is 3171537 (base 9) in base 11?
a6164a
-3b286c (base 14) to base 11
-11760a5
Convert -1103404155 (base 6) to base 13.
-2618a8c
1026a8a (base 12) to base 8
13460212
110202034 (base 5) to base 2
1110100000010000101
Convert 28cd5 (base 14) to base 4.
120233023
Convert 94916b (base 12) to base 9.
4353372
Convert -5c21c (base 15) to base 14.
-79274
What is 223024 (base 5) in base 9?
11735
12330210 (b